)/(-4) - (-15)/c?
3
Let y be -2 + 9/2*2. Let r(a) = 2*a + 1 - y*a - 2*a - a**2. What is the units digit of r(-3)?
3
Let x(p) = -p**3 - 5*p**2 - 2*p - 4. Let s(m) = m**3 + 5*m**2 + 5*m - 1. Let y be s(-4). Let g be x(y). Let q = g + -4. What is the units digit of q?
2
Let w = -4 - -7. Suppose -w - 5 = -o - 2*b, 0 = 2*o - 4*b - 32. What is the tens digit of o?
1
Suppose -5*p = -2*p - 45. What is the tens digit of p?
1
Let x(z) be the first derivative of -18*z**2 - 2. Let i be x(1). What is the tens digit of (3/(-6))/(1/i)?
1
Let q be (21/14)/(3/(-20)). What is the units digit of (-2)/(-5) + (-46)/q?
5
Let p(s) = -s**2 - 1. Let h(n) = -7*n**2 + 5*n - 7. Let x(v) = -h(v) + 6*p(v). Let u be x(5). What is the units digit of 3 + ((-2)/1)/u?
1
Let b(o) = o**3 - 7*o**2 + 7*o - 7. Let q be (0 - -1) + -2 + 7. Let v be b(q). Let f = v - -6. What is the units digit of f?
5
Suppose 0 = 7*s - 4*s. Suppose s = 5*j - 3*j - 22. What is the tens digit of j?
1
Let l(a) = a**2 - 11*a - 9. Let u be l(12). What is the units digit of 2/u*(4 + 5)?
6
Suppose 5*s + 342 = 4*f, -4*s = f - 0*s - 96. Let n = -38 + f. What is the units digit of n?
0
Let b(c) = -c**3 + 6*c**2 + 8*c - 9. Let f be b(6). Suppose 3*t - f - 15 = 0. Suppose 0 = v + v - t. What is the units digit of v?
9
Suppose 3*a + 18 = 2*h - 0*a, a = 4. Suppose 5*s + 6*x - 3*x = h, -s = -3*x - 3. What is the units digit of s?
3
Let f(g) = -g**2 + 8*g + 1. Let j be f(7). Let s(b) = -b + 8. Let h be s(j). Suppose -4*w = 2*d - 5*d - 13, 4*w - 2*d - 18 = h. What is the units digit of w?
7
Suppose -26 = -l - 0*l. Suppose 0 = -2*g - a + 2, -2*g + 0*g = -5*a - l. What is the tens digit of (-1)/((g/(-13))/3)?
1
Suppose 0 = -30*m + 31*m - 120. What is the hundreds digit of m?
1
Let u(x) = x. Let h(t) = -3*t + 1. Let j(m) = h(m) + 2*u(m). Let q = 0 - 1. What is the units digit of j(q)?
2
Suppose 50 = 3*o + 17. What is the units digit of o?
1
Let w(v) = 6*v**2 - v - 1. Let d be w(-2). Suppose -4*a = -9*a + d. Suppose -g + 4 = -u + 9, u + 4*g = a. What is the units digit of u?
5
Let y(t) = 5*t. Suppose 6 = -2*g + 5*q + 2, -3*g + 4*q + 1 = 0. What is the tens digit of y(g)?
1
Let a(z) = -z**3 + 4*z**2 - 3*z + 10. Let d be a(4). Let u = d + 8. What is the units digit of u?
6
Let b = 1 - 8. Let n(j) be the second derivative of -j**4/12 - 4*j**3/3 + 5*j**2/2 + j. What is the tens digit of n(b)?
1
Let x(w) = -w**2 + 4*w - 3. Let c be x(3). Suppose p + 1 - 6 = c. Suppose 45 = 5*b + p. What is the units digit of b?
8
Let u = 240 + -115. What is the tens digit of u?
2
Let d(t) = 2*t**3 + t - 1. Let j = 3 - 5. Let c be d(j). Let a = 0 - c. What is the tens digit of a?
1
What is the units digit of -141*(-2)/6*1?
7
Let t(p) be the second derivative of p**5/20 + p**3/3 - p**2/2 + 2*p. Let i be t(1). Suppose 4 = -x + 4*l + 25, -4*x + i*l = -42. What is the units digit of x?
9
Let t(p) = 5*p**2 + 2*p - 20. What is the units digit of t(-6)?
8
Suppose -5*l - o = -3*o - 161, 4*o = 3*l - 105. What is the tens digit of l?
3
Suppose p - 33 = -9. Suppose 2*i - p = -6. What is the units digit of i?
9
Suppose 0 = 5*w + 3*a - 76, -4*a = -3*w - 8*a + 50. Let p = w - 7. What is the units digit of p?
7
Let y(b) be the third derivative of -b**5/60 - 5*b**4/8 - 5*b**3/6 + 5*b**2. What is the tens digit of y(-12)?
3
Suppose -3*h + 25 - 16 = 0. Suppose 3*d + 2*x + 11 = 0, 0*x + 13 = -4*d - x. What is the tens digit of 45*d*h/(-27)?
1
Suppose 5*x + 23 = -7. Let l be 4/x + 19/(-3). What is the units digit of 3/((-3)/l) + 2?
9
What is the hundreds digit of 11/2*(87 + -25)?
3
Let k = 21 + 4. What is the units digit of k?
5
What is the units digit of (-385)/(-10) + (-2)/4?
8
Let k = 59 + -32. What is the units digit of k?
7
Let v be (-46)/(-8)*(-1 - 3). Let q = 34 + v. What is the units digit of q?
1
Let x(r) = 4*r**2 - 2*r - 2. Let j be x(-2). Suppose -w + 4*t = -j - 13, 5*t = w - 35. What is the units digit of w?
5
Suppose 0 = -f + 3 + 2. Suppose -3*t + 9 = 3*h - h, -f*t + 15 = 4*h. Suppose t*y - 12 = -g, y = -5*g + 3*y + 26. What is the units digit of g?
6
Suppose -4*b = -0*b - x - 16, -3*x = -b + 15. Suppose -5*k - 46 = -c + 37, 0 = b*c - 3*k - 213. Suppose 4*m + 0*m = c. What is the units digit of m?
7
Let g(s) be the third derivative of s**6/120 - 7*s**5/60 - s**4/2 - 4*s**3/3 - s**2. What is the units digit of g(9)?
6
Let i be 15*6/45*6. What is the tens digit of -1*2 + i*2?
2
Let i(q) = 5*q**2. Let w = 1 - 3. Let m be w/6 + (-4)/6. What is the units digit of i(m)?
5
Let c(u) = -8*u - 13. Let q(o) = -11*o - 8. Let r(v) = -10*v - 9. Let x(n) = -3*q(n) + 4*r(n). Let i(f) = -5*c(f) + 6*x(f). What is the units digit of i(-8)?
9
Let v(c) = 5*c**2 + 2*c + 1. Let a be v(-1). Let q = a - -5. Suppose -h = -q - 3. What is the tens digit of h?
1
What is the hundreds digit of (-100)/6*(-13 + 7)?
1
Let m = 143 - 91. What is the tens digit of m?
5
Let m(j) = -j**2 + 10*j + 2. Let a be m(10). Suppose -5*c = -a*c - 60. Suppose 2*b + y = -0*b + c, -2*y + 31 = 3*b. What is the units digit of b?
9
Let a(x) be the second derivative of x**4/12 - 4*x**3/3 - 11*x**2/2 - 4*x. What is the units digit of a(10)?
9
Suppose n + 4*j = 2*j + 1, -17 = -2*n + j. Let y be n - (-1 + 0)*1. Suppose -2*f - y = b, 0*b - 5 = -5*b - f. What is the units digit of b?
2
Let k be 3 + -3 + 1*8. Suppose 16 = 2*f + 4*i, -5*i + k = f - 9. What is the tens digit of (-1)/f*(-37 - -3)?
1
What is the units digit of (12/15)/(10/425)?
4
Let z = 9 + -23. What is the tens digit of 27/(-12)*(z + 2)?
2
Suppose -5*g + 13 = -4*t, -35 = -5*t - 5*g + g. Suppose -5*w + 10 = -t*w. What is the units digit of w?
5
Let o(d) = d**3 - d**2 - d + 10. Suppose -10 = -4*g + 14. Suppose 0 = g*m - 3*m. What is the tens digit of o(m)?
1
Suppose 0 = -3*i + 158 - 14. Let m = i - 26. What is the units digit of m?
2
Let q = 2 - 2. Suppose -2*h + 3*h - 47 = q. Suppose 0 = 5*y - h + 17. What is the units digit of y?
6
Let m(r) = 2*r - 6. Let a be m(5). Suppose -a*y - 28 = -2*q, 11 - 2 = 3*q + 5*y. What is the units digit of q?
8
Suppose -60 = r - 5*r. Let q = 6 + r. What is the tens digit of q?
2
Suppose 0 = 6*n - n - 45. What is the tens digit of n + (-5)/(15/(-9))?
1
Suppose -9 = 2*v - 15. What is the units digit of v?
3
Let q(u) = u**2 + 3*u - 9. Let t(w) = -2*w**2 - 6*w + 19. Let s(x) = 9*q(x) + 4*t(x). What is the units digit of s(-5)?
5
Let d = 17 + 3. What is the tens digit of d?
2
Let o = 8 - -4. Suppose -2*d = 2*d - o. Suppose d*f = -5*k + 34, 0*k + 5*k - 13 = 4*f. What is the units digit of k?
5
Let s(z) = 2*z - 9. Let y be s(6). Let t(q) = 2 - q**2 - 3*q + 2*q**2 + 0. What is the units digit of t(y)?
2
Let w = -27 - -37. What is the tens digit of w?
1
Let s be (-8)/20 - 57/(-5). Let h be -2 + 3/1 - 1. Suppose -12 = 4*i - 4*p, s = -2*i + 3*p - h*p. What is the units digit of i?
2
Let p(u) = -u**2 + 6*u - 4. What is the units digit of p(4)?
4
Let v(q) be the second derivative of q**4/12 - 4*q**2 + 2*q. Let u be v(6). Suppose -2*r + 4*w + u = 2*r, -5*r = w - 17. What is the units digit of r?
4
Let v(y) = -y**3 - 7*y**2 + 5. Suppose 0 = -3*u + 5*u + 14. What is the units digit of v(u)?
5
Let y be (-6)/(-21) - (-37)/(-7). Let t be 14*(-3 - y)/4. Let z = t - -7. What is the units digit of z?
4
Let x be (-2)/8*8/(-2). Let i(z) = -3*z**3 - 4*z**2 + 3*z + 2. Let k be i(-2). Let o = k + x. What is the units digit of o?
5
Suppose 6*v - 1638 = v + 3*l, -3*v + 1002 = 3*l. What is the hundreds digit of v?
3
Let n(j) be the first derivative of j**2/2 + 10*j + 1. What is the units digit of n(-8)?
2
Let j be (40/(-6))/((-6)/9). Let y = 3 + j. What is the units digit of y?
3
Suppose -2*n + 4*s = -n - 8, -3*n + 3*s + 15 = 0. Suppose l + b = 12, -l = n*b - 0*b - 9. What is the tens digit of l?
1
Let a(z) = z**3 + 2*z**2 - 4*z. Suppose -12 = r - 4*t, r + t - 33 = -4*t. Suppose 5*h + 7 + r = 0. What is the units digit of a(h)?
3
Let x be (-20)/(-3) - 2/(-6). What is the units digit of x*(2 - (1 - 0))?
7
Let h be (-4)/20 + (-22)/(-10). Suppose h*w - 25 = -5*o, 0 = 4*o - w + 5*w - 32. What is the units digit of o?
3
Suppose 5*j = -3*n - 0*n + 135, -3*n = 4*j - 108. Suppose -j = 4*u - 5*u. Let q = 39 - u. What is the units digit of q?
2
Let u be ((-8)/10)/(6/(-15)). Suppose 7 = y - u*c, -2*c + 10 = -0*c. What is the tens digit of y?
1
Suppose